 + 22).
12
Calculate 27 - 26 - ((-7 - 7) + (5 - 2)).
12
What is the value of (82 + -24 - 23) + 15?
50
(-24 - -81 - 2) + -12 + -2 + -10
31
Evaluate 37 + (35 - 63) + 9 - (0 - -1 - 10).
27
Calculate 13 + -73 + (35 - 18) + -17.
-60
Calculate -31 - (-128 + (-99 - -134)).
62
What is -7 - (16 + -8 + 12 - -10)?
-37
Evaluate -428 - -462 - (5 + -26).
55
What is (-2 - 23) + -176 + 244?
43
Calculate (-19 - -69) + -70 + 12.
-8
What is the value of (9 + -15 - (6 + (-1 - 2))) + 60?
51
What is the value of -3 + (-1 - -13) + 74 + (2 - 57)?
28
(13 - 29) + 4 + (-11 - (-11 + 13))
-25
(-1 - 28) + (51 + -99 - -45 - 17)
-49
Evaluate 23 + 1 + (-54 - (51 - 65)).
-16
10 + (-26 + 5 + 13 - 52) + -24 + 33
-41
-19 + ((95 - -1) + 15 - 11) + 1
82
-13 + (92 - 43 - 15) - -46
67
What is the value of (71 + 10 + -7 - -11) + -19 + 6 + 12?
84
Calculate 0 + (75 - (1 + 4 + 1 + 2 + -6)).
73
What is the value of (-21 + 32 - 8) + -8 + 15 - (17 + 0)?
-7
Calculate (-34 - 0) + (8 + -47 + -28 - -50).
-51
What is -26 + (-4 + 7 + -4 - (31 + -29))?
-29
What is (10635 - 10666) + (0 - -139)?
108
What is -62 - 8 - (-226 + 219)?
-63
Calculate -5 - (-29 - 48) - 108.
-36
Evaluate (810 + -791 - (51 + 0)) + (1 - 6).
-37
What is -124 + (13 - (14 - ((-6 - -9) + -11))) + 1?
-132
Evaluate -57 + 0 + -5308 + 5249.
-116
42 + 21 + -56 - 20 - -39
26
Evaluate 65 + -75 + 27 - -4.
21
1 + 0 - -21 - (2 + 3 + 1 - 17)
33
Calculate 2632 + -2632 + (9 + -1 - -1) - -22.
31
Calculate 7 - 8 - -30 - (-22 + 38) - 39.
-26
Calculate (53 - (22 + 67)) + -3 + (0 - -5 - 11).
-45
What is the value of (287 - (-48 + 267)) + (2 - 0 - (0 - 5))?
75
Evaluate (5 - (-34 + -31 + 65)) + 15.
20
Evaluate (4 - 43) + 33 + (-64 - -29).
-41
Evaluate -207 - -262 - (23 + -7) - -28.
67
Evaluate 3 - (-19 - -11) - (6 + 17).
-12
What is the value of -1 - -3 - (17 - 2 - (-47 + (-44 - -101)))?
-3
(-18 - (91 + -83)) + 52
26
9 - (107 + -109 - (-13 - 0))
-2
Calculate 15 + (-40 + -9 + 16 - 14).
-32
What is -71 + (1 - 2) + (-67 - -67) + (-1 - -4)?
-69
What is the value of (83 - (57 - 38)) + -51?
13
Calculate (593 - 645) + -1 + 1 + 14.
-38
What is the value of -14 + (3 - (2 + 5 + -18)) - -2?
2
Evaluate -144 - (40 - 159) - -60.
35
Calculate -25 + (16 - ((-31 - -10) + -66)).
78
Calculate -19 - (71 - 66 - -18).
-42
What is (67 - (-47 - -32 - -51)) + -80?
-49
-113 + 188 + -43 + 2
34
What is the value of -321 + 311 - (-6 - -14)?
-18
(0 - 19) + (4587 - 4509)
59
What is the value of -17 - (13 + -18 - -10 - 18 - 13)?
9
Evaluate -315 + 306 + (-106 - (-6 - 6)).
-103
-172 - -165 - (-14 + 9)
-2
What is (5 - 9 - 28) + -4 - ((16 - 23) + 11)?
-40
What is 10 + 5 + -12 + 0 + 7 + -22?
-12
What is the value of 682 + -681 - (-47 - (6 + -17 - -5))?
42
(-11 - -1 - (-41 + 10)) + -12 - 30
-21
Calculate 4 + -39 + -10 + 11 - -10.
-24
Evaluate (18 - (-15 - -12)) + (18 + 43 - 12).
70
(0 - -20) + (123 - 136) + -20 + 34
21
What is -10 - (11 + 5 + -13 - -10)?
-23
Calculate -1 - 9 - ((-172 - -630) + -382).
-86
Calculate (27 - 12 - (-12 - -3)) + -38.
-14
Calculate (13 - (-6 - -3)) + -275 + 220.
-39
What is the value of 11 - (-9 - -74) - 17 - 19?
-90
Calculate -13 + 41 + 0 - (23 - 17) - 10.
12
(1 - 52) + 3 + 13 + -7 + 5
-37
-3 - 0 - (-40 + (28 - -21) + 65 + 1)
-78
Evaluate -21 + 82 + -68 - ((-1 + 2 - -71) + 2).
-81
What is the value of 169 + 26 + -30 - (24 - (2 - 1))?
142
Calculate 22 + 5 + -6 + 10 - (0 - (6 - -5)).
42
((-10 - 2) + 33 + -25 - 1) + -56 + 1
-60
-1 + (-9 - (-27 + 14 - 10)) + -26 + -16
-29
Evaluate (-1 - (-5 - -19) - 1) + 375 + -400.
-41
Calculate -21 + (31 - 28) - -7.
-11
Calculate 1 + 0 + 5 + -7 + 3 + -1 + 5.
6
16 + (7 - (54 - 46)) + 1
16
Evaluate (-11 - 0) + (11 - 28 - 30).
-58
(67 - 19 - 43) + 2 + 2
9
What is the value of 6 + (-17 - (7 + -79 - 21 - 16))?
98
-33 + 148 + 31 + -153
-7
Calculate 2 + -2 + 872 + -821.
51
Calculate -34 - (-56 - -40 - 1).
-17
Evaluate -6 + 21 + -10 + (-4 - 0 - 0).
1
Calculate 127 + 75 + -70 - 54.
78
What is the value of (-48 + -36 - -30) + -19 - 21?
-94
(-116 - -138) + -29 + -17 + (-1 - -1)
-24
Evaluate (-25 + 89 - 8) + -2 + -2 + -1.
51
-11 + 47 + (-37 + 16 - -4)
19
Evaluate -51 + -28 + 28 + (2 - 3) + (-2 - -3).
-51
Evaluate -69 + (42 - 42 - -22).
-47
What is the value of -43 + (-53 + 7 - -59)?
-30
What is the value of -4 + -13 + 46 + (-15 - 26) + -86?
-98
2 + (5 - -2) + -3 + -4
2
What is the value of 1 + 11 + 3 - (-26 - -33)?
8
What is the value of (3 + 0 - (-11 - -6)) + (-25 - (-17 + 29))?
-29
Calculate 57 + -54 + 8 + 9.
20
What is 2323 + -2341 - (-1 + 3 + -54)?
34
Evaluate 23 + -8 + (-16 - (14 + -21)) + -17.
-11
Evaluate -8 - -27 - -4 - 6 - (-44 - -127).
-66
What is 105 - -10 - (-17 - (37 - 63))?
106
Evaluate (-940 - -966) + -133 + -2.
-109
Calculate -18 - ((0 - (14 + -26)) + -9) - (-5 - 0).
-16
What is (124 + 3 - -4) + -1 + -8 + 4?
126
Evaluate -30 + -8 + -15 + (-4 + -8 - -20).
-45
What is 17 + (20 - (-21 + 26)) - -12?
44
Evaluate (-38 - -39) + 23 + -2 + -81.
-59
What is the value of -42 - -2 - (4 - (-7 + 12) - (-3 + -3))?
-45
What is -46 + 174 + -45 + -23?
60
Evaluate -75 + (30 - -11) + 33.
-1
What is the value of (0 - -4) + 36 + 4 - (-6 + -6)?
56
Evaluate 108 - (-5 - ((26 - 18) + (-10 - 6))).
105
Evaluate -10 + 16 - (-35 - -6 - 10).
45
What is -8 + (-16 - -19) + 26 + 2 + -5 + 2?
20
Calculate -39 + 30 - (-5 + 2 + -1) - (-149 - -173).
-29
What is (-18 - 31) + 103 + -15?
39
What is the value of 27 + 2 - (-1267 - -1339)?
-43
(2395 - 2437) + (-7 - (-181 + -1))
133
Evaluate (-15 - (32 - 50)) + 0 + -4 + 0.
-1
What is the value of (150 - 25) + (3 - 31) + 11?
108
Calculate -1013 + 1029 - (2 - -22).
-8
What is 34 + -1 + (-1 - 48) + 1593 + -1551?
26
Evaluate 75 + 27 + -69 - 3.
30
129 + -110 + (-30 - 2) + 63 + 2
52
Evaluate -119 - (12 + (62 - 123)).
-70
What is 130 - 113 - ((-97 - -5) + -13)?
122
-1 + -5 + (-24 - -8 - -19) - -20
17
Evaluate -11 + 16 - -15 - ((-20 - -12) + 10).
18
What is 0 + -21 - (1141 - 1185) - 35?
-12
Evaluate -91 - (-65 - 7) - -77.
58
Evaluate (-12 + 32 - ((2 - -1) + (-8 - 0))) + -2.
23
22 + (0 - 10) + (-783 - -773)
2
What is the value of 15 - ((-9 - 2 - 1) + (-2641 - -2772))?
-104
What is the value of 2198 + -2234 + (4 + 5 - -6)?
-21
Evaluate -2 - (-45 + -55 - -46).
52
(36 - -91) + (19 - (-31 - -78))
99
Calculate 0 + 1 - ((-10 - -33) + 14).
-36
111 + -100 + (-22 - ((2 - 2) + 4 + 1))
-16
What is the value of 56 + (123 - 54) - 56?
69
Evaluate (4 - -10) + -6 + -6 + -14 + -7 + 115.
96
Calculate -10 - (-23 - (0 + -22 - (365 - 236))).
-138
Evaluate -142 - (91 + -224) - (1 + -2 + 19 + 0).
-27
Calculate 40 + 18 + -171 - -36.
-77
Calculate 34 + (-8 - 29) - ((-1 - 96) + -11 + 16).
89
13 + (39 - 12 - 16 - 23)
1
17 - ((-6 - 3) + -11 + 6 + 52)
-21
Calculate 69 + 12 + -53 + (53 - 23).
58
Calculate 14 + 1 + 1 + -1373 + 1375.
18
Calculate -10 - (0 + 14 + (1598 - 1549)).
-73
What is the value of 7 - 4 - -2 - (9 + 0 + 4) - 0?
-8
What is -55 + (232 - 117) + 21?
81
What is 5 + (3 - 12) + (-9 - (-2 + -11 + -48))?
48
What is -18 - ((-42 - -35) + 12)?
-23
What is -51 + -103 + 83 + 129?
58
What is the value of (-21 - 29) + 34 + (-74 - (-2 + 1)) - 9?
-98
Calculate -137 + 262 - (0 + 27).
98
What is 33 + (30 - 8) + -33 + -4 + 0 + -2?
16
Calculate -2 + 57 + 23 + -54.
24
What is the value of 80 - (-42 - -10 - -61)?
51
Evaluate -5436 - -5438 - (125 + 0 - (18 + -15)).
-120
What is the value of 7 - (21 + 5 - 1) - (-42 - -97)?
-73
Calculate (88 - 53 - 8) + (1 + -11 - 2).
15
What is the value of (-11 - 4) + 4 - (-33 - -7 - -44)?
-29
120 + (-54 - (146 + -85))
5
Calculate -15 + 6 + 6 - (18 + -6).
-15
(1 + 5 + -15 + (53 - 47) - -1) + -17
-19
-22 - ((-13 - -137) + -51)
-95
What is the value of (-3 + 1 - 9) + (11 - (362 - 337))?
-25
-367 - -361 - (-5 - (5 - (1 + 15)) - -3)
-15
Calculate -9 + 19 + 29 + -10 + -37.
-8
11 + (3 - 6 - -2) + (13 + -76 - -5)
-48
Calculate 50 - 21 - (61 + -62 - ((3 - 11) + 0)).
22
What is (2 + 10 - (-2 - (-21 + 0))) + 10?
3
What is 0 - (-3 + -2 - -7) - 7 - (96 - 140)?
35
Evaluate 150 + -29 + -40 + 34 + -3.
112
What is the value of 53 - 44 - (2 - 0) - 5 - 20?
-18
What is the value of -6 - -1 - (198 - 169 - (2 + 36)) - 54?
-50
Calculate -100 + 16 + 46 + -6.
-44
1 - 7 - (68 + -26 - 50) - (-1 - -6)
-3
Evaluate 55 - (2 + -28 + 50).
31
What is (-9 + 13 - 54 - 12) + -6?
-68
What is 5 + 25 + 15 + -57 + 50?
38
What is 91 - (0 + -22 + -4 + 45)?
72
What is